
Let w(l) = -l**3 + 112*l**2 + 582*l + 353. Determine w(117).
2
Let d(r) = -2*r**2 + 41*r - 59. Calculate d(19).
-2
Let b(w) = 23*w**2 - 392*w - 5. What is b(17)?
-22
Let m(z) = 7*z**3 - 8*z**2 + 28*z + 35. What is m(-1)?
-8
Let h(k) = -k**3 + 13*k**2 - 7*k - 73. Calculate h(12).
-13
Let c(j) = -6*j + 18. Give c(4).
-6
Let a(v) = 33*v**2 - 44*v + 3. Calculate a(1).
-8
Let b(v) = 49*v - 1491. Calculate b(28).
-119
Let l(m) = -2*m**2 - 23*m - 71. Give l(-3).
-20
Let q(f) = -3*f**2 + 17*f - 106. Determine q(6).
-112
Let h(r) = 63*r**3 + 3*r**2 - 3*r + 2. Give h(1).
65
Let c(f) = -3*f**2 - 73*f + 303. What is c(4)?
-37
Let g(b) = 45*b - 1206. Calculate g(27).
9
Let h(l) = l**3 + 5*l**2 - 21*l + 7. Give h(-7).
56
Let l(o) = 1244*o - 1249. Determine l(1).
-5
Let y(p) = -46*p + 3599. Give y(81).
-127
Let p(l) = -68*l - 174. Give p(4).
-446
Let d(i) = i**3 - 16*i**2 + 72*i - 73. Determine d(9).
8
Let k(g) = -2*g**2 + 177*g - 1167. What is k(7)?
-26
Let n(t) = 2*t**3 - 8*t**2 + 2*t - 15. Give n(5).
45
Let l(x) = x**3 - 56*x**2 - 45*x - 770. Give l(57).
-86
Let o(g) = g**2 - 145*g - 4439. Calculate o(-26).
7
Let p(u) = -370*u**2 - 1821*u - 26. Give p(-5).
-171
Let m(q) = q**2 - 47. Give m(-13).
122
Let s(z) = -33*z + 71. What is s(11)?
-292
Let a(u) = u**3 + 16*u**2 + 38*u + 911. Calculate a(-17).
-24
Let q(d) = -13*d + 717. What is q(63)?
-102
Let c(x) = x**3 - 46*x**2 - 50*x + 146. Determine c(47).
5
Let x(w) = w**3 - 32*w**2 + 253*w + 20. Calculate x(18).
38
Let f(h) = h**3 + 16*h**2 + 37*h + 87. Determine f(-13).
113
Let s(x) = -2107*x + 8432. What is s(4)?
4
Let m(s) = -2*s**2 + 129*s - 1424. What is m(14)?
-10
Let d(g) = g**3 + 57*g**2 + 4*g + 198. What is d(-57)?
-30
Let m(t) = 2*t**2 + 77*t - 74. Determine m(-33).
-437
Let x(g) = g**3 - 20*g**2 + 16*g - 281. Calculate x(20).
39
Let f(g) = -118*g + 2234. Calculate f(19).
-8
Let g(q) = -1101*q + 6605. Determine g(6).
-1
Let d(r) = 71*r + 925. What is d(-13)?
2
Let u(j) = j**2 - 6*j - 30. Give u(0).
-30
Let v(q) = -20*q + 1257. Give v(62).
17
Let f(v) = v**2 - 728*v + 9313. Calculate f(13).
18
Let v(g) = -11*g**3 + 20*g - 40. What is v(2)?
-88
Let i(s) = -16*s - 39. Calculate i(7).
-151
Let v(p) = -25*p - 92. Determine v(-13).
233
Let f(t) = 70*t + 105. What is f(-2)?
-35
Let d(a) = -59*a**2 + 472*a + 94. Give d(8).
94
Let y(i) = i**3 + 2*i**2 - 24*i - 67. What is y(-3)?
-4
Let k(s) = -s**3 + 152*s**2 - 1679*s - 116. Calculate k(140).
24
Let n(g) = 91*g**2 - 56*g - 1. Calculate n(1).
34
Let d(q) = 13*q**2 + 27*q - 66. Calculate d(3).
132
Let y(p) = -126*p + 8303. Give y(66).
-13
Let h(s) = -39*s + 963. What is h(27)?
-90
Let p(x) = -x**3 - x**2 + 14*x + 36. Determine p(-4).
28
Let i(z) = 27*z**2 - 225*z + 70. Give i(8).
-2
Let d(r) = -3*r**3 - r**2 - 2*r - 81. Calculate d(0).
-81
Let m(o) = 1115*o - 27933. What is m(25)?
-58
Let m(d) = 1110*d + 3346. What is m(-3)?
16
Let a(h) = -h**3 - 101*h**2 + 314*h + 186. Calculate a(-104).
-22
Let n(r) = -118*r - 1366. Calculate n(-12).
50
Let i(l) = l**3 + 5*l**2 + 135*l + 523. Calculate i(-4).
-1
Let c(l) = -5*l**2 + 4*l + 46. Determine c(0).
46
Let p(o) = -3*o**2 - 76*o + 9. What is p(-10)?
469
Let p(l) = l**2 - 86*l + 847. What is p(12)?
-41
Let z(b) = -b**2 - 30*b - 16. Give z(-15).
209
Let z(t) = 123*t - 621. Give z(5).
-6
Let r(s) = s**2 + 30*s - 3488. What is r(-76)?
8
Let m(g) = g**2 + 293*g + 19832. Calculate m(-106).
10
Let f(i) = 40*i - 44. Give f(1).
-4
Let q(m) = -m**2 - 9*m + 908. Give q(-37).
-128
Let y(j) = -j**3 + 58*j**2 + 47*j + 684. Calculate y(59).
-24
Let w(y) = y**3 - 2*y**2 - 3*y - 25. Give w(0).
-25
Let l(c) = 4*c**2 - 78*c - 40. Calculate l(23).
282
Let p(b) = b**3 - 19*b**2 + 4*b - 147. Give p(19).
-71
Let c(r) = -r**3 + 14*r**2 + 58*r - 99. Calculate c(17).
20
Let r(u) = -u**3 - 63*u**2 + 401*u + 91. What is r(6)?
13
Let l(v) = 6623*v - 99355. Give l(15).
-10
Let k(t) = -t**3 - 16*t**2 + 54*t - 14. Determine k(-19).
43
Let y(v) = -2*v**3 - 210*v**2 + 429*v + 114. Calculate y(-107).
7
Let k(x) = 8*x**3 + 96*x**2 - 22*x - 231. What is k(-12)?
33
Let j(t) = -3*t - 491. Calculate j(49).
-638
Let p(u) = u**3 - 11*u**2 - 39*u - 58. Determine p(-7).
-667
Let o(j) = -j**3 + 42*j**2 + 183*j + 73. Determine o(46).
27
Let l(i) = -i**2 - 38*i - 277. What is l(-12)?
35
Let f(b) = -3*b**3 - 71*b**2 + 24*b + 1. Calculate f(-24).
1
Let y(f) = f**2 + 26*f - 14. Determine y(-28).
42
Let m(u) = u**3 + 2*u**2 - 13*u. Give m(6).
210
Let n(d) = -10*d**2 - 203*d - 618. Calculate n(-3).
-99
Let v(l) = l**3 + 23*l**2 + 120*l - 91. Give v(-10).
9
Let x(v) = 2*v**2 + 400*v + 13508. What is x(-43)?
6
Let a(m) = m**3 + 39*m**2 + 231*m - 491. What is a(-31)?
36
Let v(b) = 1126*b - 22536. Determine v(20).
-16
Let u(f) = 6*f**3 + 26*f**2 - 61*f - 45. Give u(-6).
-39
Let u(i) = -i**2 + 43*i - 42. Give u(18).
408
Let y(g) = 259*g + 257. What is y(-1)?
-2
Let y(f) = f**3 + 4*f**2 - 46*f + 3. Calculate y(5).
-2
Let j(l) = -547*l + 8146. Give j(15).
-59
Let s(u) = 63*u - 445. Determine s(7).
-4
Let r(x) = -x**2 - 9*x + 80. What is r(4)?
28
Let p(s) = -s**3 - 5*s**2 + 14*s + 40. Give p(-3).
-20
Let u(k) = -4*k**3 + 171*k**2 + 24*k + 819. Give u(43).
2
Let k(p) = -749*p + 14177. Give k(19).
-54
Let w(a) = a**3 + 5*a**2 - 2*a + 22. Give w(-4).
46
Let s(x) = -x**2 + 45*x + 227. Determine s(-9).
-259
Let g(p) = -11*p + 214. Give g(22).
-28
Let q(f) = 8*f**2 + 164*f - 105. What is q(-21)?
-21
Let g(x) = x**3 + 39*x**2 - 17*x - 2082. What is g(-38)?
8
Let q(j) = -j**3 - 110*j**2 + 221*j - 345. Calculate q(-112).
-9
Let h(r) = -4*r - 235. Determine h(3).
-247
Let q(j) = -j**3 - 10*j**2 + 64*j - 37. Determine q(-15).
128
Let z(r) = -142*r - 3390. Calculate z(-25).
160
Let r(n) = 136*n + 516. What is r(-4)?
-28
Let z(a) = -a**3 + 77*a**2 - 73*a - 335. Give z(76).
-107
Let o(n) = -n**3 - 18*n**2 - 74*n + 25. Calculate o(-11).
-8
Let z(m) = 2*m**3 + 61*m**2 + 53*m + 2588. Determine z(-31).
-16
Let f(x) = -23*x - 339. What is f(-14)?
-17
Let f(z) = -622*z + 67805. Give f(109).
7
Let i(p) = p**3 - 49*p**2 + 48*p - 117. What is i(48)?
-117
Let g(o) = o**3 + 28*o**2 + 55*o + 5. Calculate g(-26).
-73
Let o(t) = t**3 - 10*t**2 - 26*t + 177. Calculate o(10).
-83
Let b(k) = k**3 - 11*k**2 - 2*k + 31. Calculate b(11).
9
Let w(i) = -9*i**2 + 6*i - 1. Determine w(3).
-64
Let k(m) = -181*m - 3419. Calculate k(-19).
20
Let y(u) = 12*u**2 - 416*u. Determine y(35).
140
Let s(g) = 2*g**2 + 14*g + 10. Determine s(-1).
-2
Let c(w) = -w**3 - 4*w**2 + 5*w - 7. What is c(-5)?
-7
Let u(t) = 2*t**2 + 42*t - 620. Give u(10).
0
Let r(w) = 8*w + 179. Determine r(-25).
-21
Let w(m) = -m**3 + 7*m**2 + 4*m - 64. Calculate w(8).
-96
Let d(y) = -2*y**3 + 6*y**2 + 51*y - 5. Calculate d(-5).
140
Let j(c) = 2*c**3 - 57*c**2 - 21*c - 211. Calculate j(29).
21
Let f(l) = l**2 + 24*l - 2709. Calculate f(-65).
-44
Let q(f) = -f**3 - 22*f**2 + 121*f - 16. What is q(4)?
52
Let z(h) = 50*h - 457. Determine z(17).
393
Let i(f) = -8*f**2 - 254*f + 70. Determine i(-32).
6
Let n(d) = 42*d + 467. Calculate n(-11).
5
Let g(r) = -r**2 - 10*r + 15. Determine g(6).
-81
Let i(a) = -a**3 + 14*a**2 - 4*a + 30. Give i(14).
-26
Let g(x) = -179*x - 1598. Calculate g(-9).
13
Let t(f) = 13*f**3 - 11*f**2 + 11*f. What is t(1)?
13
Let d(r) = -8*r**2 - 86*r + 32. Calculate d(-12).
-88
Let t(r) = 28*r - 1430. Determine t(53).
54
Let x(m) = 2*m**3 - 29*m**2 - 676*m - 16. Calculate x(27).
-43
Let f(q) = -q**3 - 38*q**2 - 109*q - 168. Give f(-35).
-28
Let r(v) = 2*v**2 - 144*v - 393. Calculate r(76).
215
Let v(m) = 6*m**2 - 2*m + 2. What is v(1)?
6
Let v(p) = 115*p + 604. What is v(-5)?
29
Let n(f) = -112*f - 469. Give n(-4).
-21
Let j(g) = -38*g - 1105. Give j(-28).
-41
Let a(w) = w**3 + 53*w**2 + 65*w + 3422. Calculate a(-53).
-23
Let a(u) = -u**3 - 16*u**2 - 33*u + 80. Calculate a(-13).
2
Let h(j) = -25*j + 39. Determine h(7).
-136
Let r(g) = 34*g + 1806. Determine r(-41).
412
Let b(s) = -s**3 - 7*s**2 + 9. Give b(-8).
73
Let n(s) = s**3 - 52*s**2 + 18*s - 949. What is n(52)?
-13
Let x(s) = -2*s**2 - 2997*s - 14934. Determine x(-5).
1
Let r(d) = -96*d + 5567. Give r(58).
-1
Let x(c) = 12*c**3 - 47*c**2 + c - 25. Calculate x(4).
-5
Let v(g) = -19*g + 49. Determine v(4).
-27
Let b(p) = -p**3 - 9*p**2 - 41*p + 4. Calculate b(-3).
73
Let j